atest common factor of b and 70.
10
Let r = 758 - 413. What is the highest common divisor of 138 and r?
69
Suppose -3*f - 4*o = -0*o - 29, -2*o = -f + 13. Suppose -12*c = -455 - 337. Calculate the greatest common factor of f and c.
11
Let u(q) be the third derivative of q**4/24 + 29*q**3/6 + 2*q**2. Let j be u(-18). What is the greatest common factor of 121 and j?
11
Let c = 91 - 91. Suppose 4*q = -3*s + 24, c = -6*s + 3*s - 12. Calculate the greatest common divisor of q and 2.
1
Suppose 2*a = -c, 7*a - 2*a + 15 = 0. Let d be 87/c + (-1)/(-2). Let w = d + -4. Calculate the highest common divisor of 99 and w.
11
Suppose 23*t - 34190 = 4703. What is the highest common divisor of 19 and t?
19
Suppose 3*f = -0*f + 90. Suppose 4*d - 300 = -0*d. Calculate the highest common divisor of d and f.
15
Let c(f) = 41*f. Let z be c(9). Let m be (4/6)/(6/z). What is the greatest common factor of 451 and m?
41
Let j = 22 + -17. Suppose 0 = -j*q + 5. Let t = 2 - q. What is the highest common factor of 2 and t?
1
Let d(q) = q**2 + 4. Let r be d(7). Let f = r + -29. Calculate the greatest common divisor of 60 and f.
12
Suppose 0 = 3*u - 0*u + 4*q + 113, -4*q = 4*u + 148. Let l = u + 79. What is the highest common factor of l and 110?
22
Let l be (-427)/(-42) + 1/(-6). Let g(p) = p**3 - 7*p**2 - 7*p + 10. Let k be g(l). Let z = -505 + 535. What is the highest common divisor of k and z?
30
Suppose -12*k + 0*k = -3*k. Suppose k = 3*z + 2*z - 110. What is the greatest common divisor of 11 and z?
11
Let n be 73 + ((-20)/4 - -4). Let c = 7 - 5. Suppose -w - 32 = -3*v - 2*w, -c*v = 5*w - 43. Calculate the greatest common factor of v and n.
9
Suppose 0*a = -5*a + 20. Let h(g) = -g**3 - 2*g - 3. Let s be h(-1). Suppose s*n + 2*n = 72. What is the greatest common factor of n and a?
4
Let v(s) be the second derivative of 23*s**3/6 + 3*s**2/2 + 40*s. Let r be v(1). Calculate the highest common divisor of r and 2.
2
Suppose -35 = -2*j - 5*j. Suppose 2*l + 0 = 22. Suppose -2*g = -j - l. What is the greatest common divisor of g and 16?
8
Suppose 0*c = 5*c - 990. Let t = -25 + 24. Let b be 28 - 5 - (t - -2). Calculate the greatest common factor of b and c.
22
Suppose -4*d + 6*d = 16. Suppose 0 = -6*g + d*g - 34. What is the highest common divisor of 68 and g?
17
Let h = -11 + 16. Suppose -h*k + 3*k + 10 = 0. Suppose 0 = a - k. What is the highest common divisor of a and 20?
5
Suppose 0 = p - 0*p - 125. Let h be ((-215)/(-129))/(2/30). Calculate the greatest common factor of p and h.
25
Suppose 2*s + s = 84. Let y(t) = 2*t**3 + 55*t**2 + 78*t + 7. Let j be y(-26). What is the highest common divisor of s and j?
7
Let z(w) = w + 1. Let c be z(3). Suppose 0*y = c*y - 4. Calculate the highest common divisor of 8 and y.
1
Let v be (-2)/(-12) + (-250)/(-12). What is the greatest common divisor of v and 231?
21
Let f = 177 - 113. Suppose -4 = -4*m + 3*m. Suppose 5*l = m*q + 56, l + 4*l - 48 = 2*q. What is the highest common divisor of f and l?
8
Let z be (-10 - 53)*(-2)/6. Let h = -552 - -573. What is the greatest common factor of h and z?
21
Let b be (-2348)/(-18) + 5/((-135)/12). What is the highest common factor of 30 and b?
10
Suppose -3*g - 4*f = -220, 0 = 2*g + 6*f - f - 149. Calculate the greatest common divisor of g and 36.
36
Let m = 18 - 12. Let p(o) = -o**3 + 6*o**2 - 16*o + 50. Let q be p(4). Calculate the highest common factor of q and m.
6
Suppose 10 = 2*o - 0*o. Suppose -y - 3*y + 184 = 5*h, -31 = -h + 5*y. Suppose 14 = 2*s - h. Calculate the greatest common divisor of o and s.
5
Suppose -16*k + 13*k + 75 = 0. Let q = k + 6. Calculate the highest common divisor of 62 and q.
31
Suppose o = 5*r - 27, -o - 9 = -4*r + 13. Let c = r + -3. Let b be (-132)/(-30) - c/5. What is the highest common factor of b and 4?
4
Suppose -3*l + 5*r + 526 = 0, 5*l - 5*r - 864 = -3*r. Calculate the highest common factor of 129 and l.
43
Let v(x) = x**3 + 2. Let o be v(2). Let j be (-10)/2 - -1*(-1 - -4). Let z(g) = 2*g**2 + 2*g - 2. Let p be z(j). What is the greatest common divisor of o and p?
2
Suppose 5*s - 389 = -w + 25, -4*w + 5*s + 1731 = 0. Let u = w + -293. Calculate the highest common divisor of u and 17.
17
Let u(m) = m**3 + 19*m**2 + 17*m + 10. Let z(f) = -4*f**2 - 3*f + 9. Let o be z(-3). Let d be u(o). What is the highest common divisor of d and 98?
14
Suppose -4*c + 147 = 3. Let g be -1 - (6/4)/((-27)/c). What is the highest common divisor of g and 1?
1
Let d(n) = -n**3 + 14*n**2 - 5*n - 13. Let m(o) = 3*o**3 - 3*o**2 + 2*o - 3. Let w be m(2). Let i be d(w). Calculate the greatest common divisor of 13 and i.
13
Suppose 17*k - 56 = -5. What is the highest common divisor of k and 75?
3
Let g be -213*((-8)/6 - 0). Calculate the highest common factor of 4 and g.
4
Suppose -2*q + 314 = -5*w, -4*q + 9*w + 600 = 6*w. What is the greatest common factor of 63 and q?
21
Let b be (-1)/(-2)*1*2. Let n(q) = -281*q - 277. Let x be n(-1). Calculate the highest common factor of b and x.
1
Suppose -15 = 4*n + 5*w - 16, 0 = -3*n - 3*w + 3. What is the highest common factor of n and 7?
1
Suppose 2*r - 4*r = -224. Let b be 6/(-21) + 7/((-147)/(-300)). Calculate the highest common divisor of b and r.
14
Suppose -5*o - 141 = 4*x, -3*x = -2*o - 27 + 104. Let m = -19 - x. What is the highest common factor of m and 15?
5
Suppose 60 - 18 = 3*f. Let h = f - 16. Let k(d) = 31*d**2 + 1. Let w be k(h). What is the highest common divisor of 25 and w?
25
Let f be ((-48)/32)/(1/(-10)). Let p be 2/10 + 207/f. Suppose 0 = 2*r + 2*r - 84. Calculate the greatest common divisor of p and r.
7
Let u(w) = 2*w + 2. Let h be u(3). Let y = -26 + 31. Suppose 5*f - 156 = -t, -3*t - 88 = -3*f - y*t. What is the greatest common divisor of f and h?
8
Let y be (-1)/(-2)*(-15 + 5). Let k be y + 7 - -1*(89 - -1). Calculate the greatest common divisor of k and 69.
23
Let s(j) = j**2 - j + 13. Let d be s(0). Suppose 0 = 35*g - 1771 - 1414. Calculate the highest common factor of g and d.
13
Suppose 17*f - 32*f + 4275 = 0. Calculate the highest common divisor of f and 171.
57
Suppose -97*d + 11130 = -4875. Calculate the greatest common factor of d and 770.
55
Suppose 7*d = -2*n + 6*d + 115, 0 = -5*n - 2*d + 285. Let f = -15 + n. Calculate the greatest common divisor of 10 and f.
10
Suppose 4*p - 2*z - 288 = 0, 2*z = 7*z. Calculate the highest common factor of p and 168.
24
Let c = -174 + 262. What is the highest common factor of c and 66?
22
Let f = 52 - 47. Let x = 35 + f. Calculate the greatest common factor of 60 and x.
20
Suppose -3*f = f - 24. Suppose f*t = t + 35. Let q(w) = -w**3 + 9*w**2 - 5*w + 7. Let u be q(t). Calculate the highest common divisor of u and 10.
10
Let d be 12/(-9)*15/(-10). Suppose 2*h - 4*z = -0*z + 800, -798 = -d*h + 3*z. What is the highest common divisor of 36 and h?
36
Suppose 82*g - 81*g - 76 = -3*q, -4*q + 5*g = -76. Calculate the highest common divisor of q and 264.
24
Let l = 20 - 23. Let k be l - (896/(-49) - 4/(-14)). Calculate the highest common divisor of k and 30.
15
Suppose -2*c + 2*v + 110 = 0, 240 = 4*c + 3*v - 2*v. Suppose c = 3*l + 11. What is the highest common factor of l and 2?
2
Let r = -244 + 316. What is the highest common divisor of r and 180?
36
Let g = 55 + -66. Let c be (16/10)/(g/(-275)). Calculate the highest common divisor of c and 8.
8
Let z(y) = 18*y - 64. Let w be z(4). Calculate the highest common divisor of w and 36.
4
Suppose -x - 3 = 0, -3*w + 22 = -2*w - 4*x. Let i be 19 + 4 + -5 + 0. Let a be 1647/i - (-6)/(-4). What is the highest common divisor of a and w?
10
Let y = 1482 + -1306. What is the greatest common factor of 336 and y?
16
Let v be 3 + -1 + -3 + 3. Suppose 4*g - d - v*d = -41, -4*g + 2*d = 38. Let o = -3 - g. What is the greatest common factor of o and 5?
5
Suppose 3*i = 5*x + 317, x - 107 = -i + 3*x. Let m be (-52)/1 - (-4 - -3). Let o be 28/3 + 17/m. Calculate the highest common divisor of i and o.
9
Suppose -3*p + 22 = -t - 4*p, 0 = 5*t + 3*p + 100. Let i = t + 21. Suppose -34 = -2*r - i. Calculate the highest common divisor of r and 105.
15
Suppose 3*l = 4*j - 53, 4*l + j = 3*l - 13. Let z(r) = r**2 + 16*r + 41. Let n be z(l). What is the greatest common factor of 104 and n?
26
Let r = -1167 - -1177. What is the greatest common factor of 1520 and r?